v) = -11*v**2 - 4*v - 4. Let z(y) = 2*c(y) - 3*x(y). Is z(2) a prime number?
False
Is ((-44462)/4)/(-11)*(3 + -1) a prime number?
False
Is 0*2/(-6) - -43 a prime number?
True
Let i(x) = -52*x**3 + x. Let k(p) = -p - 4. Let r be k(-3). Is i(r) a prime number?
False
Let q = 38 + 2. Suppose 0 = 8*s - 4*s - q. Is s a prime number?
False
Let r = 28 + -8. Let d = r + 77. Is d composite?
False
Let k = -6 - -9. Is k composite?
False
Let r be 6/(-3)*(-31)/2. Suppose 325 = 4*z - r. Is z prime?
True
Let t = 5 + -3. Suppose -t*r + 218 = -36. Is r composite?
False
Suppose -72 = -3*m - 0*t - 4*t, 0 = 5*m - t - 120. Suppose 3*l + 18 = 4*c, 3*c - 3*l + 6*l - m = 0. Is c a composite number?
True
Let h(c) be the third derivative of c**6/120 - c**5/10 + c**4/12 - c**3/3 + 2*c**2. Let w = 7 - 1. Is h(w) a composite number?
True
Let c = -3032 + 4351. Is c prime?
True
Suppose -3*s = -5*y - 3726, -5*s - 2*y + 5280 + 930 = 0. Is (-1)/7 - s/(-21) a composite number?
False
Let i(v) = -2*v**3 + 4*v**2 - 5*v + 8. Is i(-9) a composite number?
True
Let a(q) = 15*q**3 + q**2 - 5*q - 8. Is a(5) a prime number?
True
Let z = 6 - 6. Suppose -3*y - 2*m = -295, y - 91 = 3*m - z*m. Is y prime?
True
Let r(k) = -2*k**2 + 2. Let y be r(2). Let o(x) = 4*x**2 + 4*x + 7. Is o(y) a composite number?
False
Let t(i) = 20*i**2 - 14*i - 5. Is t(12) a composite number?
False
Suppose 0 = 3*r - 5*b - 8 - 2, -b - 2 = -4*r. Suppose 62 = -r*n + 2*n. Is n composite?
False
Let c(w) = w**2 + 4*w + 3. Let g be c(-7). Suppose 0 = -f - 3*f + g. Suppose 4*a - 5*s - 76 = 0, 5*s = -3*a - f + 28. Is a a composite number?
True
Suppose -o - o + 6 = 0, 5*o = 5*m - 1280. Is m prime?
False
Let r = 1 - -3. Let n = -1 + r. Suppose -3*t = -4*h + 2 - 289, -3*h - 285 = -n*t. Is t prime?
False
Let o = 169 + -45. Let n be 4/(-14) - (-1046)/(-14). Let f = o + n. Is f composite?
True
Let p = 16 - 8. Let u be 1646/p + (-2)/(-8). Let t = u - 147. Is t a prime number?
True
Let c(j) = 126*j**2 + 1. Is c(1) composite?
False
Suppose 5*x - 2759 = -114. Suppose 3*q - 2*q = 4*k - x, 4*q = 5*k - 675. Is k composite?
False
Let y(b) be the first derivative of -33*b**2/2 - 5*b - 8. Is y(-4) prime?
True
Suppose 0 = -3*l - 3*q - q + 34, 3*l - 5*q = 25. Is l a prime number?
False
Let p = -3 + 6. Suppose -149 = -n + g, 0 = -p*n - n + 2*g + 588. Is n prime?
False
Suppose -5*c - 3*a + 2 = -13, -6 = -2*c - 3*a. Suppose -36 - c = k. Is -4 + 2 + (-2 - k) a prime number?
False
Let v(g) be the second derivative of 145*g**4/3 - g**3/6 - g. Is v(-1) a composite number?
True
Suppose 0*m = -4*m + 88. Let q be (2 + -5 - -1) + m. Suppose 2*o - 145 = -5*x, -2*o - 4*x = -170 + q. Is o a prime number?
False
Is 2*(553/2 + 2) a composite number?
False
Let p(w) = -27*w**3 - w**2 + 1. Let y be p(-1). Suppose 0*u - 115 = -5*u - 5*c, -u = 2*c - y. Is u prime?
True
Let q(w) = -4 + 3*w + 1 + 4. Is q(6) a composite number?
False
Let n(g) = 38*g**2 - g - 46. Is n(-7) prime?
True
Suppose -2*s + 4*t + t = -35, -3*s = -3*t - 30. Suppose -s*p = -3*p - 6. Is p composite?
False
Let q be (-7958)/(-8) - (-5)/20. Suppose 2*z - 7*z = -q. Is z a composite number?
False
Let g = 4 + -6. Let l(b) = -b + 2. Let v be l(2). Is (v + 1)/(g/(-62)) composite?
False
Let o = 97 - 185. Let r = 307 + o. Is r a composite number?
True
Let v = -117 + 71. Let g = 208 - v. Is g a prime number?
False
Suppose 4*u - 5*a = 0, -2 = 3*u - u - 3*a. Suppose 4*s + 0*s + 4*g = 256, -u*s + 314 = 2*g. Is s a composite number?
True
Is (-2)/(-7) - (-61510)/70 a prime number?
False
Let w(y) = y**2 - y - 4. Let f(l) = l - 7. Let q be f(7). Let x be w(q). Let b(o) = -o**2 - 6*o + 3. Is b(x) a prime number?
True
Let d(r) = 16*r**2 - 3*r + 4. Is d(5) a prime number?
True
Let h(f) be the second derivative of f**5/20 - 5*f**4/6 - 17*f**3/6 + 5*f**2 - 4*f. Is h(12) a prime number?
False
Let b(g) = g**3 + 4*g**2 - 5*g + 2. Is b(-5) a composite number?
False
Let q be (4/(-3))/(-4)*21. Suppose p - q = 42. Let u = 116 - p. Is u a prime number?
True
Let m be 16/9 + 10/45. Suppose -2*z + 2*p = -274, 0 = m*p + 4 - 12. Is z prime?
False
Let d = 447 - 295. Suppose -p + d = 4*z - 5*p, 5*z = -2*p + 169. Is z prime?
False
Let s(z) = 59*z + 2. Let w(l) = -89*l - 3. Let m(c) = 8*s(c) + 5*w(c). Let g be m(1). Suppose 27 = h - g. Is h composite?
True
Let o(y) be the second derivative of 16*y**4/3 + 5*y**3/6 - 2*y**2 - y. Is o(3) a prime number?
True
Let c(b) = 86*b + 19. Is c(17) a prime number?
True
Let j = -2 + 0. Is 634/4 - (-1)/j a prime number?
False
Suppose 3*u + 0*l - 1038 = 3*l, 0 = -5*l. Suppose 4*c = -2*s + u, -4*s + 0*s + 644 = -4*c. Suppose 0*n - s = -3*n. Is n a composite number?
True
Suppose 3*u + 128 + 50 = 2*d, 420 = 5*d + 5*u. Suppose 0 = -2*f - 2*f + 20. Suppose f*a = d + 29. Is a composite?
False
Let m be 2/(-9) - 20/(-9). Suppose -j + 3*l = -233, 5*j + m*l = 4*j + 228. Let h = j + -117. Is h prime?
True
Let w = 11 - 7. Suppose 0 = w*j - 4*l - 36, -5 + 15 = 2*j + 2*l. Suppose -2*u + j + 23 = 0. Is u prime?
False
Suppose 2*g - 5*j = g + 2349, 3*g + 5*j - 6967 = 0. Is g a prime number?
False
Suppose -521 = -6*q + 5*q. Suppose 0 = 5*g - 644 - q. Is g prime?
True
Let d = 20 - 115. Is (1 - d)/2 + 1 prime?
False
Let m = -2 + 5. Suppose -4*g + 79 = -3*g - f, m*g + 2*f = 222. Suppose 4*o + 5*t = t + g, -t = 2*o - 38. Is o composite?
False
Let r(j) = -2*j + 7*j + 4 - j - 4*j**2. Let g be r(-9). Let y = g - -499. Is y a prime number?
False
Let c = -1 + 3. Suppose -517 = -c*i + 3*u, -4*i + 281 = -4*u - 759. Is i composite?
False
Let m(r) = -5*r**3 - 5*r**2 - r - 6. Is m(-3) a prime number?
False
Suppose -6*s + 1988 = 134. Is s a prime number?
False
Suppose 5*c = 5*f, 5 = 5*c - 5. Suppose 4*q = -f*w + 82, 4*w = w + q + 144. Is w - ((-2)/1 - -2) a prime number?
True
Let m be 1 + 1 + 0 + -2. Let z = m - -2. Suppose 5*n - w = 90, -2*n = 3*w - z - 51. Is n composite?
False
Let c be -369*(-1 + -1 - -1). Let x = c - -499. Suppose -6*f + x = -2*f. Is f prime?
False
Suppose -3*s = 2*d + 40, 2*s - 3*d - 1 = -6. Let y = s + 69. Is y prime?
True
Suppose -7*u + 10*u = 609. Is u prime?
False
Let b(n) = 6*n**2 - n + 2. Let g be b(2). Is 224/6 + (-8)/g prime?
True
Suppose -6*v + 1914 = -0*v. Is v a prime number?
False
Suppose -3*a + 63 = -642. Is a composite?
True
Let i = -1 + 1. Suppose 0 = -5*l - a - 9, i*l + 5 = -3*l - a. Let d = l - -49. Is d a composite number?
False
Suppose 4*o - 5*u = -396 - 326, 4*u + 882 = -5*o. Let i = -123 - o. Is i composite?
True
Let a = 8 + -5. Suppose a*t = 493 - 112. Is t a composite number?
False
Let w be ((-10)/3)/(4/(-6)). Let b = -4 + w. Is (110 - -1) + 2*b a prime number?
True
Let x = 17 - 14. Suppose -3*s = -2*v - 2457, -14 = -x*v - 5. Is s a composite number?
False
Let l(c) = -6*c + 5 - 27*c + 5. Let d be l(-10). Suppose -2*a = 2*a - d. Is a a prime number?
False
Let s be 4/(-14) - (-382)/14. Suppose p + 5 = s. Suppose -4*j + 38 = -0*w + 2*w, -3*w + p = j. Is j a prime number?
True
Is (-2)/1*(-13 + -24) prime?
False
Let f = -816 - -1439. Is f composite?
True
Suppose -3*z + 13 = -2*p - 100, 0 = z + p - 36. Let l = z - 18. Is l composite?
False
Let w(d) = -2*d - 8. Let x be w(-6). Suppose 0 = -r - 3*r + g + 10, -4*g - x = -4*r. Suppose 37 = 3*o - 5*z - 0*z, -2*z = -r*o + 49. Is o a prime number?
True
Let o(j) = 17*j**2 + 10*j + 14. Is o(-11) prime?
False
Is (1167/(-6))/((-1)/2) a composite number?
False
Let i(d) = -5*d**3 + 3*d**2 - 2*d - 3. Let l be i(-3). Let o = -152 - -226. Let r = l - o. Is r a prime number?
False
Is 1742/13*(99/6 - 1) a composite number?
True
Suppose 4*b = -5*u + 52, -2*u - 3*b - 2*b = -14. Let y(a) = a + 14. Is y(u) a prime number?
False
Suppose 0 = -3*b + 5*b - 22. Suppose w = a - b, 2*a - w - 2*w - 19 = 0. Is a a prime number?
False
Let t(z) = -z**3 + 9*z**2 + 2*z + 9. Suppose 0 = u - 8. Is t(u) composite?
False
Let q(u) = -4*u - 14. Is q(-9) composite?
True
Let j = 4 - -15. Let s = j + 12. Is s composite?
False
Let d(c) = c**3 - c**2 - c + 43. Let n = 3 - 3. Is d(n) a composite number?
False
Suppose 0 = 3*h - 47 - 310. Is h composite?
True
Suppose -i + 100 = -55. Is i a prime number?
False
Let g(s) = -s**3 + 8*s - 1. Let p be g(-7). Suppose p - 901 = -5*r. Is r a composite number?
True
Suppose 10*p - 9*p - 2 = 0. Suppose 3*a = 5*t - 751, p*t - t + 5*a - 139 = 0. Is t c